[INFO] fetching crate rubble-nrf52 0.0.3...
[INFO] checking rubble-nrf52-0.0.3 against try#72f88fc4e9458f89516a0b8b0868f3718aec5b47 for pr-74989
[INFO] extracting crate rubble-nrf52 0.0.3 into /workspace/builds/worker-11/source
[INFO] validating manifest of crates.io crate rubble-nrf52 0.0.3 on toolchain 72f88fc4e9458f89516a0b8b0868f3718aec5b47
[INFO] running `Command { std: "/workspace/cargo-home/bin/cargo" "+72f88fc4e9458f89516a0b8b0868f3718aec5b47" "read-manifest" "--manifest-path" "Cargo.toml", kill_on_drop: false }`
[INFO] started tweaking crates.io crate rubble-nrf52 0.0.3
[INFO] finished tweaking crates.io crate rubble-nrf52 0.0.3
[INFO] tweaked toml for crates.io crate rubble-nrf52 0.0.3 written to /workspace/builds/worker-11/source/Cargo.toml
[INFO] running `Command { std: "/workspace/cargo-home/bin/cargo" "+72f88fc4e9458f89516a0b8b0868f3718aec5b47" "generate-lockfile" "--manifest-path" "Cargo.toml" "-Zno-index-update", kill_on_drop: false }`
[INFO] running `Command { std: "/workspace/cargo-home/bin/cargo" "+72f88fc4e9458f89516a0b8b0868f3718aec5b47" "fetch" "--locked" "--manifest-path" "Cargo.toml", kill_on_drop: false }`
[INFO] [stderr]  Downloading crates ...
[INFO] [stderr]   Downloaded bbqueue v0.3.2
[INFO] [stderr]   Downloaded nrf52810-hal v0.8.1
[INFO] [stderr]   Downloaded rubble v0.0.3
[INFO] [stderr]   Downloaded nrf52810-pac v0.8.0
[INFO] running `Command { std: "docker" "create" "-v" "/var/lib/crater-agent-workspace/builds/worker-11/target:/opt/rustwide/target:rw,Z" "-v" "/var/lib/crater-agent-workspace/builds/worker-11/source:/opt/rustwide/workdir:ro,Z" "-v" "/var/lib/crater-agent-workspace/cargo-home:/opt/rustwide/cargo-home:ro,Z" "-v" "/var/lib/crater-agent-workspace/rustup-home:/opt/rustwide/rustup-home:ro,Z" "-e" "SOURCE_DIR=/opt/rustwide/workdir" "-e" "CARGO_TARGET_DIR=/opt/rustwide/target" "-e" "CARGO_HOME=/opt/rustwide/cargo-home" "-e" "RUSTUP_HOME=/opt/rustwide/rustup-home" "-w" "/opt/rustwide/workdir" "-m" "1610612736" "--user" "0:0" "--network" "none" "rustops/crates-build-env@sha256:d92eaeed33fa75130ca1ee6c8a01d1ffb62bac859dfdfb3450e3e5d1c0146529" "/opt/rustwide/cargo-home/bin/cargo" "+72f88fc4e9458f89516a0b8b0868f3718aec5b47" "metadata" "--no-deps" "--format-version=1", kill_on_drop: false }`
[INFO] [stdout] 6ea545b138a206a93332577dcdac033141f895d3f560fdbcd3bf0e674945ebf1
[INFO] [stderr] WARNING: Your kernel does not support swap limit capabilities or the cgroup is not mounted. Memory limited without swap.
[INFO] running `Command { std: "docker" "start" "-a" "6ea545b138a206a93332577dcdac033141f895d3f560fdbcd3bf0e674945ebf1", kill_on_drop: false }`
[INFO] running `Command { std: "docker" "inspect" "6ea545b138a206a93332577dcdac033141f895d3f560fdbcd3bf0e674945ebf1", kill_on_drop: false }`
[INFO] running `Command { std: "docker" "rm" "-f" "6ea545b138a206a93332577dcdac033141f895d3f560fdbcd3bf0e674945ebf1", kill_on_drop: false }`
[INFO] [stdout] 6ea545b138a206a93332577dcdac033141f895d3f560fdbcd3bf0e674945ebf1
[INFO] running `Command { std: "docker" "create" "-v" "/var/lib/crater-agent-workspace/builds/worker-11/target:/opt/rustwide/target:rw,Z" "-v" "/var/lib/crater-agent-workspace/builds/worker-11/source:/opt/rustwide/workdir:ro,Z" "-v" "/var/lib/crater-agent-workspace/cargo-home:/opt/rustwide/cargo-home:ro,Z" "-v" "/var/lib/crater-agent-workspace/rustup-home:/opt/rustwide/rustup-home:ro,Z" "-e" "SOURCE_DIR=/opt/rustwide/workdir" "-e" "CARGO_TARGET_DIR=/opt/rustwide/target" "-e" "CARGO_INCREMENTAL=0" "-e" "RUST_BACKTRACE=full" "-e" "RUSTFLAGS=--cap-lints=forbid" "-e" "CARGO_HOME=/opt/rustwide/cargo-home" "-e" "RUSTUP_HOME=/opt/rustwide/rustup-home" "-w" "/opt/rustwide/workdir" "-m" "1610612736" "--user" "0:0" "--network" "none" "rustops/crates-build-env@sha256:d92eaeed33fa75130ca1ee6c8a01d1ffb62bac859dfdfb3450e3e5d1c0146529" "/opt/rustwide/cargo-home/bin/cargo" "+72f88fc4e9458f89516a0b8b0868f3718aec5b47" "check" "--frozen" "--all" "--all-targets" "--message-format=json", kill_on_drop: false }`
[INFO] [stdout] 36a90f0ae0fad133ef5e4d25459c3de4d05eb4c1f1a15a6dc3134d87b4c1fa69
[INFO] [stderr] WARNING: Your kernel does not support swap limit capabilities or the cgroup is not mounted. Memory limited without swap.
[INFO] running `Command { std: "docker" "start" "-a" "36a90f0ae0fad133ef5e4d25459c3de4d05eb4c1f1a15a6dc3134d87b4c1fa69", kill_on_drop: false }`
[INFO] [stderr]     Blocking waiting for file lock on package cache
[INFO] [stderr]    Compiling byteorder v1.3.4
[INFO] [stderr]     Checking uuid v0.7.4
[INFO] [stderr]     Checking bbqueue v0.3.2
[INFO] [stderr]     Checking rubble v0.0.3
[INFO] [stderr]     Checking rubble-nrf52 v0.0.3 (/opt/rustwide/workdir)
[INFO] [stdout] error[E0433]: failed to resolve: use of undeclared type or module `pac`
[INFO] [stdout]   --> src/radio.rs:55:5
[INFO] [stdout]    |
[INFO] [stdout] 55 |     pac::{radio::state::STATER, RADIO},
[INFO] [stdout]    |     ^^^ use of undeclared type or module `pac`
[INFO] [stdout] 
[INFO] [stdout] 
[INFO] [stdout] error[E0432]: unresolved import `pac`
[INFO] [stdout]   --> src/radio.rs:55:5
[INFO] [stdout]    |
[INFO] [stdout] 55 |     pac::{radio::state::STATER, RADIO},
[INFO] [stdout]    |     ^^^ use of undeclared type or module `pac`
[INFO] [stdout] 
[INFO] [stdout] 
[INFO] [stdout] error[E0432]: unresolved import `pac`
[INFO] [stdout]   --> src/timer.rs:14:5
[INFO] [stdout]    |
[INFO] [stdout] 14 |     pac::{TIMER0, TIMER1, TIMER2},
[INFO] [stdout]    |     ^^^ use of undeclared type or module `pac`
[INFO] [stdout] 
[INFO] [stdout] 
[INFO] [stdout] error[E0412]: cannot find type `STATER` in this scope
[INFO] [stdout]    --> src/radio.rs:175:28
[INFO] [stdout]     |
[INFO] [stdout] 175 |     pub fn state(&self) -> STATER {
[INFO] [stdout]     |                            ^^^^^^ not found in this scope
[INFO] [stdout] 
[INFO] [stdout] 
[INFO] [stdout] error: aborting due to 4 previous errors
[INFO] [stdout] 
[INFO] [stdout] 
[INFO] [stdout] Some errors have detailed explanations: E0412, E0432, E0433.
[INFO] [stdout] 
[INFO] [stdout] For more information about an error, try `rustc --explain E0412`.
[INFO] [stdout] 
[INFO] [stderr] error: could not compile `rubble-nrf52`.
[INFO] [stderr] 
[INFO] [stderr] To learn more, run the command again with --verbose.
[INFO] [stderr] warning: build failed, waiting for other jobs to finish...
[INFO] [stdout] error[E0433]: failed to resolve: use of undeclared type or module `pac`
[INFO] [stdout]   --> src/radio.rs:55:5
[INFO] [stdout]    |
[INFO] [stdout] 55 |     pac::{radio::state::STATER, RADIO},
[INFO] [stdout]    |     ^^^ use of undeclared type or module `pac`
[INFO] [stdout] 
[INFO] [stdout] 
[INFO] [stdout] error[E0432]: unresolved import `pac`
[INFO] [stdout]   --> src/radio.rs:55:5
[INFO] [stdout]    |
[INFO] [stdout] 55 |     pac::{radio::state::STATER, RADIO},
[INFO] [stdout]    |     ^^^ use of undeclared type or module `pac`
[INFO] [stdout] 
[INFO] [stdout] 
[INFO] [stdout] error[E0432]: unresolved import `pac`
[INFO] [stdout]   --> src/timer.rs:14:5
[INFO] [stdout]    |
[INFO] [stdout] 14 |     pac::{TIMER0, TIMER1, TIMER2},
[INFO] [stdout]    |     ^^^ use of undeclared type or module `pac`
[INFO] [stdout] 
[INFO] [stdout] 
[INFO] [stdout] error[E0412]: cannot find type `STATER` in this scope
[INFO] [stdout]    --> src/radio.rs:175:28
[INFO] [stdout]     |
[INFO] [stdout] 175 |     pub fn state(&self) -> STATER {
[INFO] [stdout]     |                            ^^^^^^ not found in this scope
[INFO] [stdout] 
[INFO] [stdout] 
[INFO] [stdout] error: aborting due to 4 previous errors
[INFO] [stdout] 
[INFO] [stdout] 
[INFO] [stderr] error: build failed
[INFO] [stdout] Some errors have detailed explanations: E0412, E0432, E0433.
[INFO] [stdout] 
[INFO] [stdout] For more information about an error, try `rustc --explain E0412`.
[INFO] [stdout] 
[INFO] running `Command { std: "docker" "inspect" "36a90f0ae0fad133ef5e4d25459c3de4d05eb4c1f1a15a6dc3134d87b4c1fa69", kill_on_drop: false }`
[INFO] running `Command { std: "docker" "rm" "-f" "36a90f0ae0fad133ef5e4d25459c3de4d05eb4c1f1a15a6dc3134d87b4c1fa69", kill_on_drop: false }`
[INFO] [stdout] 36a90f0ae0fad133ef5e4d25459c3de4d05eb4c1f1a15a6dc3134d87b4c1fa69
